ommon divisor of 1804 and 19492.
44
What is the greatest common divisor of 1385571 and 2082?
1041
Calculate the highest common divisor of 20470 and 57850.
890
What is the highest common divisor of 26 and 4948008?
26
What is the highest common factor of 2738 and 4?
2
Calculate the highest common factor of 711 and 1335969.
711
Calculate the highest common factor of 10 and 150205.
5
What is the highest common divisor of 47 and 51653?
47
What is the highest common divisor of 26775 and 55930?
595
What is the highest common factor of 400235 and 383?
383
What is the highest common divisor of 49 and 45913?
49
What is the highest common factor of 220598 and 49?
49
Calculate the highest common factor of 27309 and 15.
3
Calculate the greatest common divisor of 442 and 347854.
442
What is the highest common divisor of 115661 and 21359?
403
What is the highest common factor of 102487 and 15367?
121
Calculate the highest common divisor of 33420 and 1044.
12
Calculate the highest common factor of 1300 and 502580.
260
What is the highest common factor of 2821 and 257517?
403
What is the highest common factor of 85890 and 840?
210
What is the greatest common divisor of 224 and 4242?
14
What is the greatest common divisor of 52 and 43692?
4
What is the highest common factor of 38280 and 1066620?
1740
What is the greatest common factor of 152391 and 6636?
237
What is the highest common divisor of 4784 and 13000?
104
Calculate the highest common factor of 128 and 16544.
32
Calculate the greatest common factor of 89791 and 117.
13
What is the greatest common divisor of 705 and 1829945?
235
Calculate the highest common divisor of 200642 and 39.
13
What is the greatest common factor of 11 and 5385743?
11
What is the highest common divisor of 3177 and 5268525?
1059
What is the highest common divisor of 7183 and 308?
11
Calculate the highest common factor of 214 and 522695.
107
Calculate the highest common divisor of 44608 and 408.
136
What is the highest common divisor of 1492500 and 5?
5
What is the highest common divisor of 12610636 and 613?
613
Calculate the highest common factor of 24332 and 56.
28
What is the greatest common divisor of 607380 and 636?
636
What is the highest common divisor of 173 and 75947?
173
Calculate the highest common divisor of 17 and 1513.
17
Calculate the greatest common factor of 52656 and 48.
48
What is the greatest common factor of 56 and 354776?
8
What is the highest common factor of 16 and 166600?
8
What is the greatest common factor of 266 and 3116?
38
Calculate the highest common divisor of 2915952 and 120.
24
What is the greatest common factor of 440 and 3245?
55
What is the greatest common divisor of 131214 and 646?
38
What is the highest common divisor of 32007 and 423?
141
What is the greatest common divisor of 28935 and 765?
45
What is the greatest common divisor of 104 and 49244?
52
What is the highest common divisor of 1152 and 25720?
8
Calculate the greatest common factor of 39408 and 32.
16
Calculate the greatest common divisor of 2782 and 3744.
26
Calculate the highest common factor of 86610 and 2.
2
What is the highest common factor of 352173 and 801?
267
Calculate the highest common divisor of 1264 and 203267.
79
What is the greatest common divisor of 464 and 17226?
58
Calculate the greatest common factor of 46 and 254633.
23
Calculate the highest common divisor of 948 and 97012.
316
What is the greatest common divisor of 2492 and 66305?
89
Calculate the greatest common factor of 28956 and 4636.
76
Calculate the highest common divisor of 119 and 85204.
119
What is the highest common factor of 260 and 15043340?
260
What is the greatest common factor of 3569 and 1032?
43
Calculate the greatest common divisor of 198864 and 144.
144
Calculate the greatest common divisor of 5 and 81245.
5
Calculate the highest common factor of 3060 and 3672.
612
Calculate the greatest common factor of 194 and 73526.
194
What is the greatest common divisor of 2310 and 603295?
385
Calculate the greatest common factor of 195503 and 154.
77
What is the greatest common factor of 82249 and 699?
233
What is the highest common factor of 180306 and 243?
243
What is the highest common divisor of 156 and 14118?
78
Calculate the highest common factor of 2108 and 55182.
34
What is the highest common factor of 788935 and 35?
35
What is the highest common factor of 99 and 82115?
11
What is the highest common divisor of 2300 and 158815?
115
What is the greatest common factor of 1519 and 2653?
7
Calculate the highest common divisor of 32 and 17006.
2
Calculate the greatest common divisor of 318707 and 188.
47
Calculate the highest common factor of 215760 and 45.
15
What is the greatest common divisor of 69 and 3517643?
23
Calculate the highest common factor of 119090 and 10.
10
Calculate the highest common factor of 52613 and 429.
11
Calculate the greatest common divisor of 406 and 85666.
406
Calculate the highest common factor of 78130 and 130.
130
What is the greatest common factor of 333 and 199652?
37
Calculate the highest common divisor of 25 and 14875.
25
Calculate the highest common divisor of 274 and 2046643.
137
What is the greatest common divisor of 51 and 152949?
51
Calculate the highest common factor of 16280 and 2277165.
2035
What is the highest common divisor of 207 and 20562?
69
Calculate the greatest common factor of 338 and 41002.
26
What is the greatest common factor of 207036 and 81?
81
Calculate the highest common divisor of 5553 and 126.
9
Calculate the greatest common factor of 490 and 11830.
70
What is the greatest common divisor of 23 and 77257?
23
Calculate the highest common divisor of 187186 and 10.
2
What is the greatest common factor of 2363 and 695?
139
Calculate the greatest common factor of 182622 and 44.
22
What is the highest common factor of 44 and 59158?
22
What is the greatest common factor of 365 and 7045?
5
Calculate the greatest common divisor of 179129 and 442.
17
Calculate the greatest common factor of 636 and 48156.
12
What is the greatest common factor of 2867 and 1708?
61
What is the greatest common divisor of 28 and 27552?
28
What is the highest common factor of 36 and 78534?
18
Calculate the highest common factor of 54262 and 104.
26
What is the greatest common divisor of 27168 and 7075?
283
What is the greatest common divisor of 4811 and 6477?
17
Calculate the greatest common divisor of 1752 and 32193.
219
Calculate the highest common divisor of 21 and 19229.
7
What is the highest common factor of 176 and 190388?
44
Calculate the highest common divisor of 202820 and 780.
20
Calculate the greatest common factor of 22140 and 57240.
540
What is the highest common divisor of 108 and 526284?
108
What is the greatest common divisor of 1519605 and 45?
45
What is the highest common factor of 289 and 1315239?
289
Calculate the highest common divisor of 9405 and 33.
33
Calculate the greatest common divisor of 25641 and 143.
11
Calculate the greatest common factor of 5034 and 6.
6
Calculate the greatest common divisor of 90972 and 152.
76
Calculate the greatest common divisor of 104 and 7456.
8
What is the greatest common divisor of 1939873 and 2834?
1417
Calculate the highest common factor of 3789 and 5473.
421
Calculate the greatest common divisor of 4403 and 4.
1
What is the greatest common factor of 79515 and 3610?
95
What is the greatest common divisor of 276 and 1027203?
69
Calculate the greatest common divisor of 803125 and 771.
257
Calculate the greatest common divisor of 692 and 77677.
173
Calculate the highest common factor of 1188 and 60.
12
Calculate the greatest common divisor of 2112 and 205744.
176
Calculate the greatest common factor of 99724 and 3317.
107
Calculate the highest common divisor of 3008 and 14993.
47
Calculate the greatest common divisor of 644 and 12320.
28
Calculate the greatest common factor of 129672 and 1656.
72
Calculate the highest common divisor of 3372 and 223114.
562
What is the greatest common factor of 109833 and 5301?
93
What is the greatest common factor of 123125 and 12805?
985
Calculate the greatest common factor of 129884 and 1064.
76
What is the highest common factor of 3393 and 780?
39
Calculate the highest common divisor of 2876 and 1044707.
719
What is the greatest 